= 2*d. Suppose d - 28 = b. Suppose -u = 1 - b, 5*h = u + 82. What is the greatest common factor of h and 17?
17
Let m = 6420 + -6404. What is the greatest common factor of 46 and m?
2
Let o = -441 + 452. Let v be (-5)/(-4) - 2/8. Suppose 3*q - 50 = -4*t, -5*q = 5*t - v - 64. What is the greatest common divisor of o and t?
11
Let x(s) = -4*s - 25. Let g(a) = -3*a - 24. Let b(h) = -3*g(h) + 2*x(h). Let p be b(11). Let i = 42 - p. What is the highest common divisor of i and 54?
9
Let s = 3940 + -3901. What is the highest common divisor of s and 533?
13
Suppose -3*l - 3*c + 20883 = 0, 2*l + 7*c - 13917 = 6*c. Calculate the greatest common factor of 16 and l.
4
Let y be 8/(-28) + (8560/35)/2. Suppose -j - 2*f + 3*f = -y, 4*j = -5*f + 497. What is the greatest common factor of j and 41?
41
Suppose -90*u + 63*u = -17982. Calculate the greatest common divisor of u and 108.
18
Suppose 5*n + 9 = -11, 5*p = 4*n + 11. Let v be 7/(-7) - 237/(p + -2). Calculate the greatest common factor of 39 and v.
39
Suppose 5*j + 248 = 7*j - 4*f, -2*f = 12. Calculate the greatest common factor of 3304 and j.
56
Suppose -2*i - 15*q + 270 = 0, 2*q = -3*i + 379 - 97. What is the greatest common divisor of i and 1500?
30
Suppose -15282 - 3116 - 9282 = -32*p. What is the greatest common factor of 5 and p?
5
Let b be 1/((-5)/(-24))*5. Let x = -265 + 244. Let s be (x/(-4))/(-7) - 294/(-8). Calculate the greatest common divisor of b and s.
12
Let x be 3466/15 - (-24)/(-360). What is the highest common factor of x and 33?
33
Suppose 0 = 5*o - 0*p - p + 1092, 231 = -o - 4*p. Let a = 300 + o. Calculate the greatest common divisor of 18 and a.
9
Suppose w + 337 = 3*g, 3*g + 13*w = 9*w + 332. Let z(k) = k**3 + 8*k**2 + 6*k + 3. Let m be z(-5). What is the highest common factor of m and g?
16
Let c = -8722 - -8730. Suppose x + 4*o - 21 = 0, 5*x - 33 = -0*x - 2*o. Suppose x*w - c = 4*w. Calculate the highest common factor of 8 and w.
8
Suppose -63 = -6*o - 33. What is the greatest common divisor of 565 and o?
5
Let h = 1553 - 1432. What is the highest common factor of h and 407?
11
Suppose -9*t + k + 265 = -7*t, t + 5*k - 160 = 0. Calculate the highest common divisor of t and 35640.
135
Let v(k) = k**3 - 14*k**2 - 66*k + 447. Let n be v(17). What is the highest common divisor of n and 264?
24
Let s(l) = -216*l + 60. Let u be s(0). What is the highest common divisor of u and 1740?
60
Suppose -14375 = -17*u + 169497. Suppose -30346 = -15*o - u. What is the greatest common factor of o and 42?
42
Suppose -832 = 6*c + 10*c. Let y = c + 55. Suppose 35 = y*g - 67. What is the highest common factor of g and 170?
34
Let w be (-17 - -3 - -2)/((-6)/36). What is the greatest common factor of 8964 and w?
36
Let v(q) be the first derivative of 10*q**3 - q**2 + 2*q - 30. Let n be v(-1). Calculate the greatest common factor of 170 and n.
34
Let v be (-129370)/(-51) + 2 + 1 + (-16)/6. Calculate the greatest common factor of 59 and v.
59
Suppose 20 = 5*u + 2*a, 3*u + a = -1 + 14. Let s = 178 - 46. Suppose 119*i - s = 108*i. What is the greatest common factor of i and u?
6
Let v = 10896 + -7056. What is the greatest common factor of 420 and v?
60
Suppose d - 28 - 9 = 0. Let w = 180 - d. Let j be ((-9)/12)/((-21)/364). What is the highest common divisor of j and w?
13
Suppose 0*w = -4*w + 8. Let d be (-23 - -33)*w*2. What is the greatest common factor of 56 and d?
8
Let f be (-8)/(-20)*(8 - -2). Let u be -1*1/f*-4. Let j = -1 + 4. Calculate the highest common factor of u and j.
1
Suppose 10*l - 485416 + 82153 = -27*l. Calculate the greatest common factor of l and 21.
21
Let h = 3196 + -2305. Calculate the highest common factor of 561 and h.
33
Let j = 114 + 21. Let r = j + 40. What is the highest common divisor of r and 25?
25
Let z = -19724 + 21372. What is the highest common factor of 103 and z?
103
Let c = 903 - 875. Let p = 135 + 173. What is the highest common divisor of c and p?
28
Suppose -3*w = 75 - 855. Suppose 0 = -5*i - 25, 0*p - 18 = -p + i. What is the greatest common factor of w and p?
13
Suppose -578 + 170 = -102*p. What is the highest common divisor of p and 1350?
2
Suppose 90*z - 79*z + 11 = 0. Let w be 2162/141*z*(-6)/4. What is the highest common factor of w and 3?
1
Suppose 2*y - 3*y + 44 = 0. Let k = 112 - y. Let b be k/16*-6*(-12)/9. What is the greatest common divisor of b and 85?
17
Let m(d) = -d**3 - d**2 - 5*d - 2. Let l be m(-4). Let q = 63 - l. Let f be 2/q + (-868)/(-6). What is the highest common factor of 18 and f?
18
Let x = -92 + 148. Let q(u) = u**2 + 102*u + 604. Let l be q(-96). What is the greatest common factor of l and x?
28
Suppose -13*g + 3*f + 1359 = -10*g, 14*f = 2*g - 942. Calculate the highest common divisor of 342 and g.
18
Let y(t) = -7*t**3 - 4*t**2 - 27*t - 47. Let u be y(-4). Calculate the greatest common factor of u and 5.
5
Let x be ((-111)/18 + 10/15)/(38/(-30856)). What is the highest common divisor of 116 and x?
58
Let t = 135 + -282. Let h = -142 - t. What is the greatest common divisor of 5 and h?
5
Let g = -11587 + 11891. What is the greatest common factor of 3496 and g?
152
Let x(i) = -i**3 - i**2 + 8*i + 22. Let q be x(-6). Suppose 4*f + 2*c - 358 = 0, -5*f + 7*f - c = 173. What is the highest common factor of f and q?
22
Let u = 125 - 606. Let w be (u/39 + 3)*6/(-4). What is the highest common factor of w and 812?
14
Let x be 17 + (-755)/45 - (-704)/72. Suppose 3*q - 9 = 0, 2*q - 2 = -5*p + 19. Let g be (-1022)/(-6) - p/9. Calculate the highest common factor of x and g.
10
Suppose -36*k - 21*k + 18468 = 0. Calculate the highest common divisor of 72 and k.
36
Suppose -55 + 235 = 15*u. Let f be 222/u + (-24)/(-16). Calculate the highest common factor of f and 170.
10
Let w be 57568/98 + 64/14 + -4. What is the highest common factor of 12 and w?
12
Let o(n) = -22*n + 237. Let i be o(11). Let j be (4/6)/(i*5/(-6825)). What is the highest common divisor of j and 42?
14
Suppose n + 163 + 263 = 3*p, -2*p - 2*n = -300. What is the highest common divisor of p and 5904?
144
Let t(w) = -w**3 + 10*w**2 + 38*w + 23. Let z = 249 - 236. Let g be t(z). Calculate the highest common factor of 20 and g.
10
Suppose -84*y + 45864 = -60*y. What is the highest common divisor of 588 and y?
147
Let i(s) = 129*s**2 - 3*s + 4. Let j be i(1). Let v(p) = 21*p - 174. Let c be v(12). What is the greatest common factor of j and c?
26
Let h(n) = -n**3 + 10*n**2 + 28*n - 32. Let u be h(12). Let l be (-17 - -15) + (9 - -1). Calculate the greatest common divisor of l and u.
8
Let x = 1418 + -1395. What is the greatest common factor of x and 1?
1
Let q(a) = 86*a**2 + 2041*a + 5. Let y be q(-25). What is the greatest common factor of 840 and y?
210
Let x = -71 + 78. Suppose -3*g = -x*g + 84. Suppose 18 + 17 = 5*m. Calculate the greatest common divisor of m and g.
7
Suppose -90*n = -87*n - 14121. What is the greatest common divisor of 9 and n?
9
Let s = 3 - -8. Suppose -v = 10*x - 15*x - 200, -3*v = 0. Let i be 33*(x/30)/(-4). What is the greatest common divisor of s and i?
11
Let p = 7201 - 6465. What is the highest common factor of p and 1748?
92
Let s = 8889 + -5061. What is the greatest common factor of s and 24?
12
Let g = -462 + 464. Suppose 9*r - 28 = g*r. Calculate the highest common factor of r and 32.
4
Let z(o) = -294*o - 2377. Let k be z(-13). Calculate the greatest common factor of k and 10.
5
Let j be (-31)/(-3) - (-5)/(-15). Let v be (2*3/(-24) - 725/(-116)) + 14. Calculate the greatest common divisor of j and v.
10
Let p be 131 + ((-4)/1)/2. Let h be (5952/(-72) - -11)/(2/(-6)). Calculate the highest common divisor of p and h.
43
Let b(z) = -z**2 - 2*z - 2. Let s be b(-3). Suppose 45*l = 61 + 119. Let c be ((-48)/s)/(l/30). What is the highest common divisor of c and 16?
8
Let c = -921 + 1329. Let h = 494 - c. Calculate the greatest common divisor of h and 215.
43
Let u = -904 - -931. What is the highest common factor of 2889 and u?
27
Let y = -205 + 208. Suppose y*h = 12, -66 = -4*q - h - 14. Calculate the highest common factor of q and 636.
12
Let g(b) = 6*b - 6. Let n be g(4). Suppose 247 = 2*f + a, 31 = -2*a + 21. Calculate the greatest common factor of f and n.
18
Let w be (23352/133)/4 + 24/228. What is the greatest common factor of 11803 and w?
11
Suppose